rue
Is 5846219 a composite number?
True
Is 8352679 prime?
True
Is 543562763 composite?
False
Is 24644281 a prime number?
False
Is 10211491 prime?
True
Is 62884663 a prime number?
True
Is 3281779 composite?
True
Is 22919411 a composite number?
False
Is 439615277 a prime number?
True
Is 62577223 composite?
False
Is 21018827 a prime number?
False
Is 3159577 a composite number?
False
Is 2669167 a composite number?
False
Is 16515001 a composite number?
True
Is 81190289 prime?
False
Is 90043 a composite number?
True
Is 2632619 a prime number?
False
Is 236800951 composite?
True
Is 24345673 a prime number?
False
Is 5332637 a composite number?
True
Is 4348317 a composite number?
True
Is 24701351 composite?
True
Is 445481 composite?
True
Is 55531373 a composite number?
False
Is 240829 prime?
True
Is 26095859 composite?
False
Is 27040241 a prime number?
True
Is 2181329 a composite number?
False
Is 5325659 composite?
False
Is 10016911 composite?
False
Is 881422 a composite number?
True
Is 406031 prime?
False
Is 51767321 a prime number?
True
Is 41025991 a composite number?
False
Is 2902843 composite?
True
Is 32874169 a prime number?
False
Is 647719 prime?
True
Is 28339777 a composite number?
True
Is 7465097 prime?
True
Is 966863 a composite number?
False
Is 635824877 prime?
True
Is 55331 composite?
False
Is 76865557 a composite number?
True
Is 917183 prime?
False
Is 2329319 composite?
False
Is 21136099 composite?
True
Is 232735441 prime?
True
Is 41500967 a prime number?
False
Is 228331 prime?
True
Is 103750363 composite?
False
Is 705737 a prime number?
True
Is 826097809 a prime number?
False
Is 9308857 prime?
True
Is 87953911 a prime number?
True
Is 571011019 a prime number?
True
Is 391662943 a composite number?
True
Is 1235743 composite?
True
Is 334658 a composite number?
True
Is 11679163 prime?
True
Is 61112881 a prime number?
True
Is 2209027 a prime number?
True
Is 296291 a prime number?
False
Is 114952811 composite?
False
Is 105907063 prime?
False
Is 29673503 a prime number?
True
Is 53952209 composite?
True
Is 28652131 composite?
False
Is 576601199 prime?
True
Is 2157931889 prime?
True
Is 115372553 a composite number?
True
Is 2098001 prime?
False
Is 36741683 prime?
False
Is 1329847 a composite number?
False
Is 2268131 composite?
False
Is 1760641463 prime?
False
Is 1198003 a prime number?
False
Is 10850649 a composite number?
True
Is 309356935 prime?
False
Is 10912043 a composite number?
False
Is 3073621 a composite number?
False
Is 143955299 a prime number?
True
Is 123818129 a prime number?
False
Is 1594939 a prime number?
False
Is 8062081 composite?
True
Is 6395461 composite?
True
Is 265858343 prime?
False
Is 23291339 a composite number?
False
Is 269554981 composite?
False
Is 3844509 prime?
False
Is 425488231 a composite number?
True
Is 10302979 composite?
False
Is 44312851 composite?
True
Is 2176939 a prime number?
True
Is 76329977 a composite number?
False
Is 14283257 composite?
True
Is 53633779 a prime number?
True
Is 2800703 composite?
False
Is 2318557 prime?
False
Is 643892123 composite?
True
Is 76483535 a prime number?
False
Is 104034449 a prime number?
True
Is 2669411 prime?
False
Is 24899911 a prime number?
True
Is 16829139 a composite number?
True
Is 120869401 composite?
False
Is 72866747 composite?
False
Is 31192583 prime?
True
Is 2093114 a composite number?
True
Is 29349289 composite?
False
Is 4746971 a composite number?
True
Is 89082263 prime?
False
Is 2733119 prime?
True
Is 33545311 a composite number?
False
Is 257573 composite?
True
Is 1192717105 prime?
False
Is 2982751 prime?
True
Is 98962843 a prime number?
False
Is 44775413 a composite number?
False
Is 21680493 a composite number?
True
Is 159248071 prime?
False
Is 20614171 a composite number?
False
Is 13065607 a composite number?
False
Is 736639 a prime number?
True
Is 119599069 composite?
False
Is 35276507 a composite number?
True
Is 477863 prime?
True
Is 522743851 prime?
False
Is 41891587 prime?
False
Is 3470413 a prime number?
False
Is 56369 prime?
True
Is 152966027 composite?
False
Is 36581761 composite?
True
Is 7664119 a prime number?
False
Is 1661813 prime?
True
Is 567337 a composite number?
True
Is 14914841 a prime number?
True
Is 4904191 prime?
False
Is 114969199 a prime number?
True
Is 27020381 a prime number?
True
Is 8894345 prime?
False
Is 41491435 a prime number?
False
Is 213506011 a prime number?
False
Is 3373777 composite?
True
Is 21389743 a prime number?
True
Is 22879247 composite?
False
Is 10298809 prime?
False
Is 7721611 composite?
False
Is 4893713 prime?
False
Is 10854317 a prime number?
False
Is 209437255 prime?
False
Is 8637803 a composite number?
True
Is 19943081 a prime number?
False
Is 239740355 a composite number?
True
Is 90462935 a prime number?
False
Is 35659577 a composite number?
False
Is 10493986 a prime number?
False
Is 117700714 a composite number?
True
Is 132015269 prime?
False
Is 11365943 a composite number?
False
Is 1464359 a composite number?
True
Is 9332383 composite?
False
Is 1740581 a composite number?
False
Is 1739891 a prime number?
True
Is 1638093 a composite number?
True
Is 36785687 prime?
False
Is 222193 a composite number?
False
Is 46548053 a composite number?
False
Is 13509797 composite?
True
Is 2408293 composite?
True
Is 72091211 prime?
True
Is 27013837 a composite number?
False
Is 288005387 a prime number?
True
Is 205771627 composite?
True
Is 9363437 a composite number?
False
Is 3186043 composite?
True
Is 11823023 a composite number?
False
Is 259417 composite?
True
Is 13591217 prime?
True
Is 260101291 composite?
False
Is 6781881 a prime number?
False
Is 511490741 composite?
False
Is 109825319 a composite number?
False
Is 723019 a prime number?
False
Is 223239371 prime?
True
Is 4941539 a prime number?
False
Is 41073259 a composite number?
False
Is 5257619 a prime number?
True
Is 12930647 prime?
True
Is 264074537 a prime number?
False
Is 504097103 composite?
False
Is 369476486 a prime number?
False
Is 258068387 prime?
True
Is 7989457 a composite number?
True
Is 8955929 composite?
False
Is 789151 a prime number?
False
Is 23150963 a composite number?
True
Is 291124829 a prime number?
False
Is 126059 composite?
True
Is 24645613 a prime number?
False
Is 130466246 composite?
True
Is 2110679 composite?
False
Is 15107773 composite?
False
Is 48204811 prime?
False
Is 258431 a composite number?
True
Is 1810357 prime?
True
Is 14325077 prime?
False
Is 743960923 a composite number?
False
Is 3793063 a composite number?
True
Is 197278997 a composite number?
False
Is 5462277 a prime number?
False
Is 465151 a prime number?
True
Is 1636357 prime?
False
Is 1131553 a prime number?
True
Is 1111847507 a prime number?
False
Is 2688408193 a composite number?
False
Is 32149283 prime?
False
Is 2287351 prime?
False
Is 33029797 a prime number?
True
Is 7743059 a composite number?
True
Is 11890883 composite?
True
Is 489546911 a prime number?
False
Is 83397943 a prime number?
True
Is 4017173 a prime number?
True
Is 5730181 prime?
True
Is 97454231 prime?
False
Is 614486 prime?
False
Is 4771939 a composite number?
False
Is 12773951 a prime number?
True
Is 11795783 a prime number?
True
Is 32173594 prime?
False
Is 78688394 composite?
True
Is 478922 prime?
False
Is 827881 a prime number?
False
Is 21795731 a prime number?
False
Is 66646331 prime?
False
Is 1001258 composite?
True
Is 24065077 a prime number?
False
Is 3213473 prime?
True
Is 6564353 composite?
True
Is 7959751 prime?
False
Is 65529791 a prime number?
True
Is 2227331 composite?
True
Is 5586331 a prime number?
False
Is 1466677 a prime number?
True
Is 1218307 a prime number?
True
Is 3122299 prime?
True
Is 13525293 a prime number?
False
Is 4037654 a prime number?
False
Is 1042057 a composite number?
True
Is 1844171015 prime?
False
Is 394988561 prime?
False
Is 1562753 a prime number?
True
Is 6207187 prime?
False
Is 85084123 a composite number?
False
Is 3740531 a prime number?
False
Is 9146701 a prime number?
False
Is 11519735 a composite number?
True
Is 19785149 prime?
True
Is 1370211 composite?
True
Is 119926747 a prime number?
True
Is 1173743 a composite number?
False
Is 380800474 a composite number?
True
Is 3347641 a composite number?
True
Is 20734433 prime?
True
Is 816521 a prime number?
True
Is 2626493 composi